 be v*-5*(-8)/(-10). What is the tens digit of z(m)?
2
Let l = -12380 - -17941. What is the units digit of l?
1
Let y(k) = -k**3 - 3*k**2 - k. Let d be y(-1). Let x be 3 - (1 + 12*d). Suppose -11*f - 99 = -x*f. What is the units digit of f?
3
Let h(d) = -d + 3. Let l = -28 - -31. Let t be h(l). Let x(i) = -i + 25. What is the units digit of x(t)?
5
Suppose 9*q - x = 4*q + 13190, 0 = -5*x - 25. What is the units digit of q?
7
Let t be 1*(17 + -11 + 1/1). Let r be 1*-2 - 382/(-2). Suppose 0*c + r = t*c. What is the tens digit of c?
2
Let z(w) be the second derivative of -w**4/6 + 25*w**3/6 - 11*w**2/2 - 8*w. What is the tens digit of z(10)?
3
Suppose 5*o - 3*f - 3 = 0, 5*o + 3*f + 3 = o. Suppose o = -2*p + 3*z + 18, z = -3*p + 37 + 1. What is the units digit of 1/(4/p) + 28?
1
Suppose -5*v + 73 = 3*w, 0*v - 29 = -2*v - w. What is the units digit of 4/v + (-20)/(-28) - -149?
0
What is the hundreds digit of 1138 + (2 - (-10 - -1))?
1
Suppose -2*q + b + 4 + 2 = 0, -2*b = q - 8. Let s = q + 10. What is the units digit of s?
4
What is the hundreds digit of 13941/18 + 7/(-2)?
7
Let y(l) = -l**3 + l**2 - 4*l - 6. Let b be y(5). Let d = 221 + b. What is the tens digit of d?
9
Let f(u) = -70*u**3 - u**2 - u - 1. What is the units digit of f(-1)?
9
Let v = 151 - 107. Suppose 48*g = v*g + 244. What is the units digit of g?
1
Let t(b) = b**3 + 10*b**2 + 8*b + 4. Let c(j) = -j**2 - j. Let f(n) = c(n) + t(n). Let l be (-1)/(-3) + (-50)/6. What is the units digit of f(l)?
2
Suppose 3*h = 1 + 5. Let l(u) = 2*u**h + 8*u - 3*u**2 + 2*u**2 - 4 - u. What is the tens digit of l(5)?
5
Let t(n) = -n + 8. Let y be t(6). Suppose 2*k = 2*z - y*k - 240, 0 = -z + 5*k + 126. What is the tens digit of z?
1
Let f = -149 - -796. Suppose -5*o - 2*j + f = -2*o, 1077 = 5*o + 2*j. What is the tens digit of o?
1
Let b(a) = -15*a**3 - 4*a**2 - 40*a - 3. What is the tens digit of b(-7)?
2
Suppose 4*j - 4*h = -3*h + 8383, 3*h = 15. What is the units digit of j?
7
Let j(y) be the third derivative of -y**6/120 - y**5/60 - y**4/24 + y**3/3 - 6*y**2. Let b be j(1). What is the tens digit of ((-12)/(-18))/(b/(-21))?
1
Let r = 6 - 14. Let f be 3/2 + r/(-16). What is the units digit of (26 - (-3)/(-1)) + f?
5
Let x = 38 + -28. What is the units digit of (-3)/2*(-20)/x?
3
What is the hundreds digit of (17 - 12) + (2 + -3)*-633?
6
Suppose 2*u + 3*q - 272 = -0*q, q - 408 = -3*u. Suppose u*y = 132*y + 784. What is the hundreds digit of y?
1
Let v(m) = 5*m - 8. Let o be v(3). Suppose 5 - o = -t. Let s(f) = 4*f - 1. What is the units digit of s(t)?
7
Suppose -30*i + 4329 + 1461 = 0. What is the tens digit of i?
9
Let y = -6431 - -9149. What is the units digit of y?
8
Suppose -11*x - 5*x + 14848 = 0. What is the hundreds digit of x?
9
Let y be (-28)/(-12) - 4/(-6). Suppose 5 = -y*m + 14. What is the units digit of m?
3
Let l(z) = -5*z + 7. Let w(a) = -a**3 - 13*a**2 - 19*a + 23. Let c be w(-11). What is the tens digit of l(c)?
5
Let v(k) = 4*k**3 + 2*k - 1. Let g be v(1). Suppose 0 = f - g + 1. Suppose f*q = 0, 2*q - 22 = -5*u + 3*u. What is the units digit of u?
1
Let t = -38 + 117. Let z = t - -17. What is the tens digit of z?
9
Suppose 5*i = -r + 30, 4*i - 5*r - 68 + 15 = 0. Suppose 6*l = -5*w + i*l + 341, -4*w + 267 = 5*l. What is the units digit of w?
8
Suppose v + 65 = -4*v. Let r = -23 + v. What is the units digit of (3/(-9))/(4/r)?
3
Let q(z) = 7*z - 10 + 10 - 2. Let u be q(1). Let a(c) = c**3 - 4*c**2 - 4*c. What is the units digit of a(u)?
5
Suppose 4*d = 4 + 20. Let g be 11/3 - (-2)/d. Suppose -2*f = g*f - 234. What is the units digit of f?
9
Suppose -s + 0 - 11 = 0. Let l(j) = j**2 + 10*j - 6. Let p be l(s). What is the units digit of (-3 + p/2)*-2?
1
Let m(d) = -2*d**3 - 11*d**2 + 3*d + 66. What is the units digit of m(-11)?
4
What is the thousands digit of 5 + (0 + (-20)/4 - -2286)?
2
What is the hundreds digit of (-4)/(-14) - (-101640)/294?
3
Let g = 54 + -42. What is the units digit of (g/(-10))/(3/(-460))?
4
Suppose 3*w - 3 = -3*s, 12*w - 14 = 7*w + 4*s. Suppose -w*k + 25 = -23. What is the units digit of k?
4
Let w = 174 + -262. Let i(y) = 13*y + 14. Let g be i(-5). Let b = g - w. What is the tens digit of b?
3
Let u(i) = -i**2 - 8*i + 17. Let t be u(-9). Let x(g) = 2*g**2 - 6*g - 6. What is the tens digit of x(t)?
7
What is the hundreds digit of (-3)/((-42)/49)*4696/28?
5
What is the hundreds digit of -12 - -344 - -1*(0 - -1)?
3
What is the tens digit of (33 - 291)/(2/8*-3)?
4
Let s(f) = -4*f + 25. Let t(r) = r - 6. Let l(w) = 4*s(w) + 18*t(w). What is the tens digit of l(11)?
1
Let b(y) = y**2 - 10*y + 21. Let i be b(-7). Suppose h + 5*z - i = 0, -z - 138 = -h - 5*z. What is the units digit of h?
0
Suppose 8 = 3*h + 2*v - 5, -5*h = -v - 26. Suppose 5*n = -5*w + w + 54, -h*n + 2*w + 48 = 0. What is the tens digit of 156/n + 14/35?
1
Suppose -669 = -3*v + g, 5*g = -3*v + 187 + 482. What is the tens digit of v?
2
Let t = 0 - 6. Let w be (-9)/t - (-3)/(-6). What is the units digit of w/((-1)/(-69)*3)?
3
Let l(j) = 3*j**2 - 4. Let a be l(-2). Suppose a = 3*o - o. Suppose -47 = -k + 5*n, o*k - 5*n = -2*n + 120. What is the tens digit of k?
2
Let o = 10 + -13. Let j = 4 + o. What is the units digit of j - (4*-2 - -3)?
6
Suppose 2 - 17 = -3*y. Suppose -7*h + 30 = -y*h. What is the tens digit of (h + 1 - 0) + 1?
1
Let m = 1022 - -257. What is the hundreds digit of m?
2
Let i = 4511 - 1440. What is the hundreds digit of i?
0
Suppose 3*z - 9 = -p, -p = -5*p - 3*z + 9. Let v(a) = a + 20. Let f be v(p). Suppose -3*u - f = -65. What is the tens digit of u?
1
Suppose 0 = -3*x + 3*g + 6984, 0 = 2*g - 14 + 4. What is the tens digit of x?
3
Suppose 21*y + 4*y - 28000 = 0. What is the thousands digit of y?
1
Let n(v) = -v + 5. Let j be n(-6). Suppose -a - 3*h = j, -3*a = -a + h - 3. What is the units digit of 81/a - 2/8?
0
Let o(u) = 16 - 9 - 6 - 11*u. Let f = -12 - -5. What is the tens digit of o(f)?
7
Let c be 2*(-4)/(-32) + 1710/8. Let h = 303 - c. What is the units digit of h?
9
Let i(b) = 20*b + 259. Let q be i(-5). Let x be (-3)/(-4)*1*136. Let u = q - x. What is the units digit of u?
7
Suppose 10 = -11*g + 43. Suppose 284 = w + g*w. What is the tens digit of w?
7
Let q(j) = j - 87. Let a be q(0). Let w = -44 - a. Suppose -44 = -3*n - n + 4*k, -2*k = 3*n - w. What is the tens digit of n?
1
Let g be (7 - -1 - 3) + -3. Suppose g*s = 6*s - 20. Suppose 0*j + 23 = 3*j - 2*k, 2*j - s*k - 8 = 0. What is the units digit of j?
9
Let o(p) = 32*p + 6. Let k be o(4). Suppose 0 = 5*j - k - 176. Suppose 2*s + j = 4*s. What is the tens digit of s?
3
Suppose 0 = -11*r + 15*r + 120. Let a = -17 - r. What is the tens digit of a?
1
Let f(b) = -4*b**3 - 5*b**2 + 11*b + 19. What is the hundreds digit of f(-6)?
6
Let r = -29 - -197. Suppose r = 4*v - 2*v + c, c + 164 = 2*v. What is the tens digit of v?
8
What is the units digit of (-1232)/((-12)/3) + 1?
9
Let l = -143 + 137. What is the units digit of l*(-1)/(-2) + 120?
7
Let d(y) = -y**3 + 14*y**2 + 14*y + 19. Let b be d(15). Suppose 2*a - 17 - 194 = r, 3*a = b*r + 324. What is the units digit of a?
4
Suppose -4*w - 16 = 0, 7*r = 2*r + 2*w + 33. Suppose -v + 495 + 1073 = 5*f, r*f - 2*v - 1574 = 0. What is the units digit of f?
4
What is the units digit of -892*(-11 + 13)*(-1)/4?
6
Suppose 26*c + 738 = 28*c. What is the hundreds digit of c?
3
Suppose -3*z = -2*q - 2810, q + 4666 = 5*z + 2*q. What is the units digit of (-3)/(z/(-3960) + 20/90)?
0
Suppose -840 = 3*l - 11*l. Suppose -l = -11*q + 4*q. What is the units digit of q?
5
Let i = 10 + -10. Suppose 2*m + 4*w = 182, i*w + 281 = 3*m - 2*w. Let k = -52 + m. What is the tens digit of k?
4
Suppose 0 = q - 5*b - 193 - 950, 5*q - 2*b - 5830 = 0. What is the tens digit of q?
6
Let f be (14/(-42))/((-2)/(-6)). Let s be (f - -7)*(-4)/6. What is the units digit of 92/s*-2 - 3?
3
Suppose 5*f = -4*g + 19 + 21, -f - 1 = -g. Suppose -4*p - 135 = -g*c, -23 = 2*c + 3*p - 77. What is the units digit of (-6)/c + (-128)/(-9)?
4
Suppose 331 = 6*b - 509. Let m = -110 + b. What is the tens digit of m?
3
Suppose 243 = 7*m - 1521. Suppose -11*k + 7*k = -m. What is the units digit of k?
3
Suppose -2*x = -3*o - 902, -4*o = -x + 712 - 271. What is the hundreds digit of x?
4
Let q be (-1)/(-6) + 3879/54. What is the tens digit of 